{"id":58442,"date":"2025-03-25T18:24:39","date_gmt":"2025-03-25T16:24:39","guid":{"rendered":"https:\/\/boutique.vignoblescompagnie.com\/?post_type=product&#038;p=58442"},"modified":"2025-08-21T13:51:31","modified_gmt":"2025-08-21T11:51:31","slug":"a-ceux-qui-revent-aop-hermitage-blanc-2023","status":"publish","type":"product","link":"https:\/\/boutique.vignoblescompagnie.com\/home\/produit\/a-ceux-qui-revent-aop-hermitage-blanc-2023\/","title":{"rendered":"A CEUX QUI REVENT &#8211; AOP Hermitage blanc 2023"},"content":{"rendered":"<p><strong>CEPAGES<\/strong><\/p>\n<p>Marsanne, Roussanne<\/p>\n<p><strong>TERROIR<\/strong><\/p>\n<p>Est de la colline, coteaux.<\/p>\n<p><strong>VINIFICATION<\/strong><\/p>\n<p>Les vendanges sont effectu\u00e9es manuellement, avec un tri \u00e0 la parcelle, suivi d\u2019un tri suppl\u00e9mentaire \u00e0 la r\u00e9ception, puis d\u2019un pressurage d\u00e9licat. La fermentation se fait \u00e0 basse temp\u00e9rature, avant un \u00e9levage de 12 mois en f\u00fbt de ch\u00eane fran\u00e7ais.<\/p>\n<p><strong>DEGUSTATION<\/strong><\/p>\n<p>Sa robe jaune et brillante r\u00e9v\u00e8le une belle palette aromatique, o\u00f9 se m\u00ealent des notes de fruits secs, de poire et de p\u00eache. En bouche, il offre un bel \u00e9quilibre, avec une rondeur \u00e9l\u00e9gante, une fra\u00eecheur appr\u00e9ciable et une touche beurr\u00e9e qui enrichit sa texture. Son profil riche et harmonieux s\u00e9duit par sa g\u00e9n\u00e9rosit\u00e9.<\/p>\n<p><strong>ACCORDS METS ET VIN<\/strong><\/p>\n<p>\u2022 Brochettes de Saint-Jacques<br \/>\n\u2022 Brie aux truffes<br \/>\n\u2022 Feuillet\u00e9 aux pommes<\/p>\n<p><span style=\"color: #e58625;\"> <strong>INFORMEZ-VOUS<\/strong><\/span><\/p>\n<p><a href=\"https:\/\/vincod.com\/n\/6762e23e799af\/qredn\">INGREDIENTS &amp; DECLARATION NUTRITIONNELLE<\/a><\/p>\n<p>&nbsp;<\/p>\n<p>&nbsp;<\/p>\n<p><strong>En recherche d&#8217;une cuv\u00e9e PUISSANTE &amp; RONDE ? <em>D\u00e9couvrez \u00e9galement&#8230;<\/em><\/strong><\/p>\n<p><a href=\"\/?p=58500\">ESPRIT DES VESTIGES &#8211; AOP Ch\u00e2teauneuf du Pape blanc 2024 &#8211; Vignobles &amp; Compagnie<\/a><\/p>\n<p><em><strong>D\u00e9couvrez notre collection A CEUX QUI REVENT<\/strong><\/em><\/p>\n<p><a href=\"https:\/\/www.vignoblescompagnie.com\/collections\/a-ceux-qui-revent\/\">\u00c0 Ceux qui R\u00eavent &#8211; Vignobles &amp; compagnie<\/a><\/p>\n<p>&nbsp;<\/p>\n","protected":false},"excerpt":{"rendered":"<p><strong>Riche, Beurr\u00e9, El\u00e9gant<\/strong><\/p>\n<p>Voguer sur le Rh\u00f4ne, c\u2019est se laisser emporter vers l\u2019Est de la colline de l\u2019Hermitage, o\u00f9 les vignes s\u2019\u00e9tendent sur des coteaux majestueux nourries par la terre et le vent.<br \/>\nRiche et beurr\u00e9, ce vin r\u00e9v\u00e8le toute la lumi\u00e8re de son terroir, capturant l\u2019essence d\u2019un r\u00eave suspendu entre la puret\u00e9 du ciel et la g\u00e9n\u00e9rosit\u00e9 de la terre.<\/p>\n","protected":false},"featured_media":58430,"comment_status":"open","ping_status":"closed","template":"","meta":[],"product_brand":[],"product_cat":[1372,1261,1446,1441,1439],"product_tag":[1371],"class_list":{"0":"post-58442","1":"product","2":"type-product","3":"status-publish","4":"has-post-thumbnail","6":"product_cat-aop-vallee-du-rhone","7":"product_cat-crus","8":"product_cat-nos-marques-phares","9":"product_cat-occasions-uniques","10":"product_cat-vins-gourmands","11":"product_tag-cru-septentrional","12":"pa_accord-viandes-en-sauce","15":"first","16":"instock","17":"taxable","18":"shipping-taxable","19":"purchasable","20":"product-type-simple"},"yoast_head":"<!-- This site is optimized with the Yoast SEO plugin v25.9 - https:\/\/yoast.com\/wordpress\/plugins\/seo\/ -->\n<title>A CEUX QUI REVENT - AOP Hermitage blanc 2023 - Vignobles &amp; Compagnie<\/title>\n<meta name=\"description\" content=\"Riche, Beurr\u00e9, El\u00e9gant  Voguer sur le Rh\u00f4ne, c\u2019est se laisser emporter vers l\u2019Est de la colline de l\u2019Hermitage, o\u00f9 les vignes s\u2019\u00e9tendent sur des coteaux majestueux nourries par la terre et le vent. Riche et beurr\u00e9, ce vin r\u00e9v\u00e8le toute la lumi\u00e8re de son terroir, capturant l\u2019essence d\u2019un r\u00eave suspendu entre la puret\u00e9 du ciel et la g\u00e9n\u00e9rosit\u00e9 de la terre. AOP Vall\u00e9e du Rh\u00f4ne, Crus, Nos marques phares, Occasions uniques, Vins gourmands A CEUX QUI REVENT - AOP Hermitage blanc 2023 Engag\u00e9s depuis 1963 , Vignobles &amp; Compagnie\" \/>\n<meta name=\"robots\" content=\"index, follow, max-snippet:-1, max-image-preview:large, max-video-preview:-1\" \/>\n<link rel=\"canonical\" href=\"https:\/\/boutique.vignoblescompagnie.com\/home\/produit\/a-ceux-qui-revent-aop-hermitage-blanc-2023\/\" \/>\n<meta property=\"og:locale\" content=\"fr_FR\" \/>\n<meta property=\"og:type\" content=\"article\" \/>\n<meta property=\"og:title\" content=\"A CEUX QUI REVENT - AOP Hermitage blanc 2023 - Vignobles &amp; Compagnie\" \/>\n<meta property=\"og:description\" content=\"Riche, Beurr\u00e9, El\u00e9gant  Voguer sur le Rh\u00f4ne, c\u2019est se laisser emporter vers l\u2019Est de la colline de l\u2019Hermitage, o\u00f9 les vignes s\u2019\u00e9tendent sur des coteaux majestueux nourries par la terre et le vent. Riche et beurr\u00e9, ce vin r\u00e9v\u00e8le toute la lumi\u00e8re de son terroir, capturant l\u2019essence d\u2019un r\u00eave suspendu entre la puret\u00e9 du ciel et la g\u00e9n\u00e9rosit\u00e9 de la terre. AOP Vall\u00e9e du Rh\u00f4ne, Crus, Nos marques phares, Occasions uniques, Vins gourmands A CEUX QUI REVENT - AOP Hermitage blanc 2023 Engag\u00e9s depuis 1963 , Vignobles &amp; Compagnie\" \/>\n<meta property=\"og:url\" content=\"https:\/\/boutique.vignoblescompagnie.com\/home\/produit\/a-ceux-qui-revent-aop-hermitage-blanc-2023\/\" \/>\n<meta property=\"og:site_name\" content=\"Vignobles &amp; Compagnie\" \/>\n<meta property=\"article:publisher\" content=\"https:\/\/www.facebook.com\/Vignobles-Compagnie-1936655449884246\/\" \/>\n<meta property=\"article:modified_time\" content=\"2025-08-21T11:51:31+00:00\" \/>\n<meta property=\"og:image\" content=\"https:\/\/boutique.vignoblescompagnie.com\/wp-content\/uploads\/2025\/03\/BTE-A-CEUX-QUI-REVENT-AOP-Hermitage-blanc-2023.webp\" \/>\n\t<meta property=\"og:image:width\" content=\"1200\" \/>\n\t<meta property=\"og:image:height\" content=\"1300\" \/>\n\t<meta property=\"og:image:type\" content=\"image\/webp\" \/>\n<meta name=\"twitter:card\" content=\"summary_large_image\" \/>\n<meta name=\"twitter:label1\" content=\"Dur\u00e9e de lecture estim\u00e9e\" \/>\n\t<meta name=\"twitter:data1\" content=\"2 minutes\" \/>\n<script type=\"application\/ld+json\" class=\"yoast-schema-graph\">{\"@context\":\"https:\/\/schema.org\",\"@graph\":[{\"@type\":\"WebPage\",\"@id\":\"https:\/\/boutique.vignoblescompagnie.com\/home\/produit\/a-ceux-qui-revent-aop-hermitage-blanc-2023\/\",\"url\":\"https:\/\/boutique.vignoblescompagnie.com\/home\/produit\/a-ceux-qui-revent-aop-hermitage-blanc-2023\/\",\"name\":\"A CEUX QUI REVENT - AOP Hermitage blanc 2023 - Vignobles &amp; Compagnie\",\"isPartOf\":{\"@id\":\"https:\/\/boutique.vignoblescompagnie.com\/home\/#website\"},\"primaryImageOfPage\":{\"@id\":\"https:\/\/boutique.vignoblescompagnie.com\/home\/produit\/a-ceux-qui-revent-aop-hermitage-blanc-2023\/#primaryimage\"},\"image\":{\"@id\":\"https:\/\/boutique.vignoblescompagnie.com\/home\/produit\/a-ceux-qui-revent-aop-hermitage-blanc-2023\/#primaryimage\"},\"thumbnailUrl\":\"https:\/\/boutique.vignoblescompagnie.com\/wp-content\/uploads\/2025\/03\/BTE-A-CEUX-QUI-REVENT-AOP-Hermitage-blanc-2023.webp\",\"datePublished\":\"2025-03-25T16:24:39+00:00\",\"dateModified\":\"2025-08-21T11:51:31+00:00\",\"description\":\"Riche, Beurr\u00e9, El\u00e9gant Voguer sur le Rh\u00f4ne, c\u2019est se laisser emporter vers l\u2019Est de la colline de l\u2019Hermitage, o\u00f9 les vignes s\u2019\u00e9tendent sur des coteaux majestueux nourries par la terre et le vent. Riche et beurr\u00e9, ce vin r\u00e9v\u00e8le toute la lumi\u00e8re de son terroir, capturant l\u2019essence d\u2019un r\u00eave suspendu entre la puret\u00e9 du ciel et la g\u00e9n\u00e9rosit\u00e9 de la terre. AOP Vall\u00e9e du Rh\u00f4ne, Crus, Nos marques phares, Occasions uniques, Vins gourmands A CEUX QUI REVENT - AOP Hermitage blanc 2023 Engag\u00e9s depuis 1963 , Vignobles &amp; Compagnie\",\"breadcrumb\":{\"@id\":\"https:\/\/boutique.vignoblescompagnie.com\/home\/produit\/a-ceux-qui-revent-aop-hermitage-blanc-2023\/#breadcrumb\"},\"inLanguage\":\"fr-FR\",\"potentialAction\":[{\"@type\":\"ReadAction\",\"target\":[\"https:\/\/boutique.vignoblescompagnie.com\/home\/produit\/a-ceux-qui-revent-aop-hermitage-blanc-2023\/\"]}]},{\"@type\":\"ImageObject\",\"inLanguage\":\"fr-FR\",\"@id\":\"https:\/\/boutique.vignoblescompagnie.com\/home\/produit\/a-ceux-qui-revent-aop-hermitage-blanc-2023\/#primaryimage\",\"url\":\"https:\/\/boutique.vignoblescompagnie.com\/wp-content\/uploads\/2025\/03\/BTE-A-CEUX-QUI-REVENT-AOP-Hermitage-blanc-2023.webp\",\"contentUrl\":\"https:\/\/boutique.vignoblescompagnie.com\/wp-content\/uploads\/2025\/03\/BTE-A-CEUX-QUI-REVENT-AOP-Hermitage-blanc-2023.webp\",\"width\":1200,\"height\":1300,\"caption\":\"A CEUX QUI REVENT - AOP Hermitage blanc 2023\"},{\"@type\":\"BreadcrumbList\",\"@id\":\"https:\/\/boutique.vignoblescompagnie.com\/home\/produit\/a-ceux-qui-revent-aop-hermitage-blanc-2023\/#breadcrumb\",\"itemListElement\":[{\"@type\":\"ListItem\",\"position\":1,\"name\":\"Home\",\"item\":\"https:\/\/boutique.vignoblescompagnie.com\/home\/\"},{\"@type\":\"ListItem\",\"position\":2,\"name\":\"Boutique\",\"item\":\"https:\/\/boutique.vignoblescompagnie.com\/home\/shop\/\"},{\"@type\":\"ListItem\",\"position\":3,\"name\":\"A CEUX QUI REVENT &#8211; AOP Hermitage blanc 2023\"}]},{\"@type\":\"WebSite\",\"@id\":\"https:\/\/boutique.vignoblescompagnie.com\/home\/#website\",\"url\":\"https:\/\/boutique.vignoblescompagnie.com\/home\/\",\"name\":\"Vignobles &amp; Compagnie\",\"description\":\"Engag\u00e9s depuis 1963\",\"publisher\":{\"@id\":\"https:\/\/boutique.vignoblescompagnie.com\/home\/#organization\"},\"potentialAction\":[{\"@type\":\"SearchAction\",\"target\":{\"@type\":\"EntryPoint\",\"urlTemplate\":\"https:\/\/boutique.vignoblescompagnie.com\/home\/?s={search_term_string}\"},\"query-input\":{\"@type\":\"PropertyValueSpecification\",\"valueRequired\":true,\"valueName\":\"search_term_string\"}}],\"inLanguage\":\"fr-FR\"},{\"@type\":\"Organization\",\"@id\":\"https:\/\/boutique.vignoblescompagnie.com\/home\/#organization\",\"name\":\"Vignobles&Compagnie\",\"url\":\"https:\/\/boutique.vignoblescompagnie.com\/home\/\",\"logo\":{\"@type\":\"ImageObject\",\"inLanguage\":\"fr-FR\",\"@id\":\"https:\/\/boutique.vignoblescompagnie.com\/home\/#\/schema\/logo\/image\/\",\"url\":\"\",\"contentUrl\":\"\",\"caption\":\"Vignobles&Compagnie\"},\"image\":{\"@id\":\"https:\/\/boutique.vignoblescompagnie.com\/home\/#\/schema\/logo\/image\/\"},\"sameAs\":[\"https:\/\/www.facebook.com\/Vignobles-Compagnie-1936655449884246\/\",\"https:\/\/www.instagram.com\/vignoblescompagnie_rhone\/?hl=fr\",\"https:\/\/www.linkedin.com\/company-beta\/16238931\/\",\"https:\/\/www.youtube.com\/channel\/UCG_Dbr-g9ZLVmr2sX-tTO9g\"]}]}<\/script>\n<!-- \/ Yoast SEO plugin. -->","yoast_head_json":{"title":"A CEUX QUI REVENT - AOP Hermitage blanc 2023 - Vignobles &amp; Compagnie","description":"Riche, Beurr\u00e9, El\u00e9gant  Voguer sur le Rh\u00f4ne, c\u2019est se laisser emporter vers l\u2019Est de la colline de l\u2019Hermitage, o\u00f9 les vignes s\u2019\u00e9tendent sur des coteaux majestueux nourries par la terre et le vent. Riche et beurr\u00e9, ce vin r\u00e9v\u00e8le toute la lumi\u00e8re de son terroir, capturant l\u2019essence d\u2019un r\u00eave suspendu entre la puret\u00e9 du ciel et la g\u00e9n\u00e9rosit\u00e9 de la terre. AOP Vall\u00e9e du Rh\u00f4ne, Crus, Nos marques phares, Occasions uniques, Vins gourmands A CEUX QUI REVENT - AOP Hermitage blanc 2023 Engag\u00e9s depuis 1963 , Vignobles &amp; Compagnie","robots":{"index":"index","follow":"follow","max-snippet":"max-snippet:-1","max-image-preview":"max-image-preview:large","max-video-preview":"max-video-preview:-1"},"canonical":"https:\/\/boutique.vignoblescompagnie.com\/home\/produit\/a-ceux-qui-revent-aop-hermitage-blanc-2023\/","og_locale":"fr_FR","og_type":"article","og_title":"A CEUX QUI REVENT - AOP Hermitage blanc 2023 - Vignobles &amp; Compagnie","og_description":"Riche, Beurr\u00e9, El\u00e9gant  Voguer sur le Rh\u00f4ne, c\u2019est se laisser emporter vers l\u2019Est de la colline de l\u2019Hermitage, o\u00f9 les vignes s\u2019\u00e9tendent sur des coteaux majestueux nourries par la terre et le vent. Riche et beurr\u00e9, ce vin r\u00e9v\u00e8le toute la lumi\u00e8re de son terroir, capturant l\u2019essence d\u2019un r\u00eave suspendu entre la puret\u00e9 du ciel et la g\u00e9n\u00e9rosit\u00e9 de la terre. AOP Vall\u00e9e du Rh\u00f4ne, Crus, Nos marques phares, Occasions uniques, Vins gourmands A CEUX QUI REVENT - AOP Hermitage blanc 2023 Engag\u00e9s depuis 1963 , Vignobles &amp; Compagnie","og_url":"https:\/\/boutique.vignoblescompagnie.com\/home\/produit\/a-ceux-qui-revent-aop-hermitage-blanc-2023\/","og_site_name":"Vignobles &amp; Compagnie","article_publisher":"https:\/\/www.facebook.com\/Vignobles-Compagnie-1936655449884246\/","article_modified_time":"2025-08-21T11:51:31+00:00","og_image":[{"width":1200,"height":1300,"url":"https:\/\/boutique.vignoblescompagnie.com\/wp-content\/uploads\/2025\/03\/BTE-A-CEUX-QUI-REVENT-AOP-Hermitage-blanc-2023.webp","type":"image\/webp"}],"twitter_card":"summary_large_image","twitter_misc":{"Dur\u00e9e de lecture estim\u00e9e":"2 minutes"},"schema":{"@context":"https:\/\/schema.org","@graph":[{"@type":"WebPage","@id":"https:\/\/boutique.vignoblescompagnie.com\/home\/produit\/a-ceux-qui-revent-aop-hermitage-blanc-2023\/","url":"https:\/\/boutique.vignoblescompagnie.com\/home\/produit\/a-ceux-qui-revent-aop-hermitage-blanc-2023\/","name":"A CEUX QUI REVENT - AOP Hermitage blanc 2023 - Vignobles &amp; Compagnie","isPartOf":{"@id":"https:\/\/boutique.vignoblescompagnie.com\/home\/#website"},"primaryImageOfPage":{"@id":"https:\/\/boutique.vignoblescompagnie.com\/home\/produit\/a-ceux-qui-revent-aop-hermitage-blanc-2023\/#primaryimage"},"image":{"@id":"https:\/\/boutique.vignoblescompagnie.com\/home\/produit\/a-ceux-qui-revent-aop-hermitage-blanc-2023\/#primaryimage"},"thumbnailUrl":"https:\/\/boutique.vignoblescompagnie.com\/wp-content\/uploads\/2025\/03\/BTE-A-CEUX-QUI-REVENT-AOP-Hermitage-blanc-2023.webp","datePublished":"2025-03-25T16:24:39+00:00","dateModified":"2025-08-21T11:51:31+00:00","description":"Riche, Beurr\u00e9, El\u00e9gant Voguer sur le Rh\u00f4ne, c\u2019est se laisser emporter vers l\u2019Est de la colline de l\u2019Hermitage, o\u00f9 les vignes s\u2019\u00e9tendent sur des coteaux majestueux nourries par la terre et le vent. Riche et beurr\u00e9, ce vin r\u00e9v\u00e8le toute la lumi\u00e8re de son terroir, capturant l\u2019essence d\u2019un r\u00eave suspendu entre la puret\u00e9 du ciel et la g\u00e9n\u00e9rosit\u00e9 de la terre. AOP Vall\u00e9e du Rh\u00f4ne, Crus, Nos marques phares, Occasions uniques, Vins gourmands A CEUX QUI REVENT - AOP Hermitage blanc 2023 Engag\u00e9s depuis 1963 , Vignobles &amp; Compagnie","breadcrumb":{"@id":"https:\/\/boutique.vignoblescompagnie.com\/home\/produit\/a-ceux-qui-revent-aop-hermitage-blanc-2023\/#breadcrumb"},"inLanguage":"fr-FR","potentialAction":[{"@type":"ReadAction","target":["https:\/\/boutique.vignoblescompagnie.com\/home\/produit\/a-ceux-qui-revent-aop-hermitage-blanc-2023\/"]}]},{"@type":"ImageObject","inLanguage":"fr-FR","@id":"https:\/\/boutique.vignoblescompagnie.com\/home\/produit\/a-ceux-qui-revent-aop-hermitage-blanc-2023\/#primaryimage","url":"https:\/\/boutique.vignoblescompagnie.com\/wp-content\/uploads\/2025\/03\/BTE-A-CEUX-QUI-REVENT-AOP-Hermitage-blanc-2023.webp","contentUrl":"https:\/\/boutique.vignoblescompagnie.com\/wp-content\/uploads\/2025\/03\/BTE-A-CEUX-QUI-REVENT-AOP-Hermitage-blanc-2023.webp","width":1200,"height":1300,"caption":"A CEUX QUI REVENT - AOP Hermitage blanc 2023"},{"@type":"BreadcrumbList","@id":"https:\/\/boutique.vignoblescompagnie.com\/home\/produit\/a-ceux-qui-revent-aop-hermitage-blanc-2023\/#breadcrumb","itemListElement":[{"@type":"ListItem","position":1,"name":"Home","item":"https:\/\/boutique.vignoblescompagnie.com\/home\/"},{"@type":"ListItem","position":2,"name":"Boutique","item":"https:\/\/boutique.vignoblescompagnie.com\/home\/shop\/"},{"@type":"ListItem","position":3,"name":"A CEUX QUI REVENT &#8211; AOP Hermitage blanc 2023"}]},{"@type":"WebSite","@id":"https:\/\/boutique.vignoblescompagnie.com\/home\/#website","url":"https:\/\/boutique.vignoblescompagnie.com\/home\/","name":"Vignobles &amp; Compagnie","description":"Engag\u00e9s depuis 1963","publisher":{"@id":"https:\/\/boutique.vignoblescompagnie.com\/home\/#organization"},"potentialAction":[{"@type":"SearchAction","target":{"@type":"EntryPoint","urlTemplate":"https:\/\/boutique.vignoblescompagnie.com\/home\/?s={search_term_string}"},"query-input":{"@type":"PropertyValueSpecification","valueRequired":true,"valueName":"search_term_string"}}],"inLanguage":"fr-FR"},{"@type":"Organization","@id":"https:\/\/boutique.vignoblescompagnie.com\/home\/#organization","name":"Vignobles&Compagnie","url":"https:\/\/boutique.vignoblescompagnie.com\/home\/","logo":{"@type":"ImageObject","inLanguage":"fr-FR","@id":"https:\/\/boutique.vignoblescompagnie.com\/home\/#\/schema\/logo\/image\/","url":"","contentUrl":"","caption":"Vignobles&Compagnie"},"image":{"@id":"https:\/\/boutique.vignoblescompagnie.com\/home\/#\/schema\/logo\/image\/"},"sameAs":["https:\/\/www.facebook.com\/Vignobles-Compagnie-1936655449884246\/","https:\/\/www.instagram.com\/vignoblescompagnie_rhone\/?hl=fr","https:\/\/www.linkedin.com\/company-beta\/16238931\/","https:\/\/www.youtube.com\/channel\/UCG_Dbr-g9ZLVmr2sX-tTO9g"]}]}},"_links":{"self":[{"href":"https:\/\/boutique.vignoblescompagnie.com\/home\/wp-json\/wp\/v2\/product\/58442","targetHints":{"allow":["GET"]}}],"collection":[{"href":"https:\/\/boutique.vignoblescompagnie.com\/home\/wp-json\/wp\/v2\/product"}],"about":[{"href":"https:\/\/boutique.vignoblescompagnie.com\/home\/wp-json\/wp\/v2\/types\/product"}],"replies":[{"embeddable":true,"href":"https:\/\/boutique.vignoblescompagnie.com\/home\/wp-json\/wp\/v2\/comments?post=58442"}],"wp:featuredmedia":[{"embeddable":true,"href":"https:\/\/boutique.vignoblescompagnie.com\/home\/wp-json\/wp\/v2\/media\/58430"}],"wp:attachment":[{"href":"https:\/\/boutique.vignoblescompagnie.com\/home\/wp-json\/wp\/v2\/media?parent=58442"}],"wp:term":[{"taxonomy":"product_brand","embeddable":true,"href":"https:\/\/boutique.vignoblescompagnie.com\/home\/wp-json\/wp\/v2\/product_brand?post=58442"},{"taxonomy":"product_cat","embeddable":true,"href":"https:\/\/boutique.vignoblescompagnie.com\/home\/wp-json\/wp\/v2\/product_cat?post=58442"},{"taxonomy":"product_tag","embeddable":true,"href":"https:\/\/boutique.vignoblescompagnie.com\/home\/wp-json\/wp\/v2\/product_tag?post=58442"}],"curies":[{"name":"wp","href":"https:\/\/api.w.org\/{rel}","templated":true}]}}