{"id":58665,"date":"2025-04-24T12:14:58","date_gmt":"2025-04-24T10:14:58","guid":{"rendered":"https:\/\/boutique.vignoblescompagnie.com\/?page_id=58665"},"modified":"2025-04-24T12:15:19","modified_gmt":"2025-04-24T10:15:19","slug":"politique-de-confidentialite","status":"publish","type":"page","link":"https:\/\/boutique.vignoblescompagnie.com\/home\/politique-de-confidentialite\/","title":{"rendered":"Politique de confidentialit\u00e9"},"content":{"rendered":"<p>Derni\u00e8re mise \u00e0 jour : le 24\/04\/2025<\/p>\n<p>La charte ci-dessous d\u00e9taille la politique de VIGNOBLES &amp; COMPAGNIE en mati\u00e8re de protection des donn\u00e9es personnelles sur le site https:\/\/boutique.vignoblescompagnie.com\/<br \/>\nLa Soci\u00e9t\u00e9\u00a0 respecte vos pr\u00e9occupations concernant la confidentialit\u00e9 des renseignements et informations personnels que vous nous fournissez. En nous communiquant vos renseignements et donn\u00e9es personnels, vous consentez \u00e0 ce qu\u2019ils soient utilis\u00e9s et communiqu\u00e9s dans les conditions d\u00e9finies ci-dessous :<\/p>\n<p>&nbsp;<\/p>\n<p><strong>ARTICLE 1 : PR\u00c9AMBULE\u00a0 <\/strong><\/p>\n<p><strong>\u00a0<\/strong><\/p>\n<p>La pr\u00e9sente politique de confidentialit\u00e9 a pour but d\u2019informer les utilisateurs du site :<\/p>\n<ul>\n<li>Sur la mani\u00e8re dont sont collect\u00e9es leurs donn\u00e9es personnelles. Sont consid\u00e9r\u00e9es comme des donn\u00e9es personnelles, toute information permettant d\u2019identifier un utilisateur. A ce titre, il peut s\u2019agir : de ses noms et pr\u00e9noms, de son \u00e2ge, de son adresse postale ou email, de sa localisation ou encore de son adresse IP (liste non-exhaustive) ;<\/li>\n<li>Sur les droits dont ils disposent concernant ces donn\u00e9es ;<\/li>\n<li>Sur la personne responsable du traitement des donn\u00e9es \u00e0 caract\u00e8re personnel collect\u00e9es et trait\u00e9es ;<\/li>\n<li>Sur les destinataires de ces donn\u00e9es personnelles ;<\/li>\n<li>Sur la politique du site en mati\u00e8re de cookies.<\/li>\n<\/ul>\n<p>&nbsp;<\/p>\n<p>&nbsp;<\/p>\n<p><strong>ARTICLE 2 : PRINCIPES RELATIFS \u00c0 LA COLLECTE ET AU TRAITEMENT DES DONN\u00c9ES PERSONNELLES <\/strong><\/p>\n<p><strong>\u00a0 <\/strong><\/p>\n<p>Conform\u00e9ment \u00e0 l\u2019article 5 du R\u00e8glement europ\u00e9en 2016\/679, les donn\u00e9es \u00e0 caract\u00e8re personnel sont :<\/p>\n<ul>\n<li>Trait\u00e9es de mani\u00e8re licite, loyale et transparente au regard de la personne concern\u00e9e ;<\/li>\n<li>Collect\u00e9es pour des finalit\u00e9s d\u00e9termin\u00e9es (cf. Article 3.1 des pr\u00e9sentes), explicites et l\u00e9gitimes, et ne pas \u00eatre trait\u00e9es ult\u00e9rieurement d&#8217;une mani\u00e8re incompatible avec ces finalit\u00e9s ;<\/li>\n<li>Ad\u00e9quates, pertinentes et limit\u00e9es \u00e0 ce qui est n\u00e9cessaire au regard des finalit\u00e9s pour lesquelles elles sont trait\u00e9es ;<\/li>\n<li>Exactes et, si n\u00e9cessaire, tenues \u00e0 jour. Toutes les mesures raisonnables doivent \u00eatre prises pour que les donn\u00e9es \u00e0 caract\u00e8re personnel qui sont inexactes, eu \u00e9gard aux finalit\u00e9s pour lesquelles elles sont trait\u00e9es, soient effac\u00e9es ou rectifi\u00e9es sans tarder ;<\/li>\n<li>Conserv\u00e9es sous une forme permettant l&#8217;identification des personnes concern\u00e9es pendant une dur\u00e9e n&#8217;exc\u00e9dant pas celle n\u00e9cessaire au regard des finalit\u00e9s pour lesquelles elles sont trait\u00e9es ;<\/li>\n<li>Trait\u00e9es de fa\u00e7on \u00e0 garantir une s\u00e9curit\u00e9 appropri\u00e9e des donn\u00e9es collect\u00e9es, y compris la protection contre le traitement non autoris\u00e9 ou illicite et contre la perte, la destruction ou les d\u00e9g\u00e2ts d&#8217;origine accidentelle, \u00e0 l&#8217;aide de mesures techniques ou organisationnelles appropri\u00e9es.<\/li>\n<\/ul>\n<p>&nbsp;<\/p>\n<p>Le traitement n&#8217;est licite que si, et dans la mesure o\u00f9, au moins une des conditions suivantes est remplie :<\/p>\n<ul>\n<li>La personne concern\u00e9e a consenti au traitement de ses donn\u00e9es \u00e0 caract\u00e8re personnel pour une ou plusieurs finalit\u00e9s sp\u00e9cifiques ;<\/li>\n<li>Le traitement est n\u00e9cessaire \u00e0 l&#8217;ex\u00e9cution d&#8217;un contrat auquel la personne concern\u00e9e est partie ou \u00e0 l&#8217;ex\u00e9cution de mesures pr\u00e9contractuelles prises \u00e0 la demande de celle-ci ;<\/li>\n<li>Le traitement est n\u00e9cessaire au respect d&#8217;une obligation l\u00e9gale \u00e0 laquelle le responsable du traitement est soumis ;<\/li>\n<li>Le traitement est n\u00e9cessaire \u00e0 la sauvegarde des int\u00e9r\u00eats vitaux de la personne concern\u00e9e ou d&#8217;une autre personne physique ;<\/li>\n<li>Le traitement est n\u00e9cessaire \u00e0 l&#8217;ex\u00e9cution d&#8217;une mission d&#8217;int\u00e9r\u00eat public ou relevant de l&#8217;exercice de l&#8217;autorit\u00e9 publique dont est investi le responsable du traitement ;<\/li>\n<li>Le traitement est n\u00e9cessaire aux fins des int\u00e9r\u00eats l\u00e9gitimes poursuivis par le responsable du traitement ou par un tiers, \u00e0 moins que ne pr\u00e9valent les int\u00e9r\u00eats ou les libert\u00e9s et droits fondamentaux de la personne concern\u00e9e qui exigent une protection des donn\u00e9es \u00e0 caract\u00e8re personnel, notamment lorsque la personne concern\u00e9e est un enfant.<\/li>\n<\/ul>\n<p>&nbsp;<\/p>\n<p>&nbsp;<\/p>\n<p><strong>ARTICLE 3 : DONN\u00c9ES \u00c0 CARACT\u00c8RE PERSONNEL COLLECT\u00c9ES ET TRAIT\u00c9ES DANS LE CADRE DE LA NAVIGATION SUR LE SITE\u00a0 <\/strong><\/p>\n<p><strong>\u00a0<\/strong><\/p>\n<p><strong>Article 3.1 : Donn\u00e9es collect\u00e9es\u00a0 <\/strong><\/p>\n<p>Les donn\u00e9es personnelles et non personnelles collect\u00e9es dans le cadre de notre activit\u00e9 sont les suivantes :<\/p>\n<ul>\n<li>Des donn\u00e9es d\u2019identification (notamment vos nom, pr\u00e9noms, adresse email et postale, num\u00e9ro de t\u00e9l\u00e9phone) ;<\/li>\n<li>Des donn\u00e9es relatives \u00e0 vos commandes ;<\/li>\n<li>Des donn\u00e9es de connexion (par exemple adresse IP, navigateur, appareil, comportement de navigation, logs) ;<\/li>\n<li>Des donn\u00e9es \u00e9conomiques et financi\u00e8res (par exemple : RIB, carte bancaire) ;<\/li>\n<\/ul>\n<p>La collecte et le traitement de ces donn\u00e9es r\u00e9pond \u00e0 la (aux) finalit\u00e9(s) suivante(s) :<\/p>\n<ul>\n<li>Traitement des commandes\n<ul>\n<li>Gestion et traitement des commandes<\/li>\n<li>Envoi des produits<\/li>\n<li>Traitement des paiements<\/li>\n<\/ul>\n<\/li>\n<li>Am\u00e9lioration de nos services\n<ul>\n<li>Am\u00e9liorer l\u2019exp\u00e9rience utilisateur sur notre site Web<\/li>\n<li>Analyser l\u2019utilisation du site et les tendances<\/li>\n<li>Am\u00e9liorer le service client et le support<\/li>\n<\/ul>\n<\/li>\n<li>Communication\n<ul>\n<li>Envoi de mises \u00e0 jour et d\u2019informations relatives \u00e0 vos achats<\/li>\n<li>Envoi de mat\u00e9riel promotionnel et de newsletters (avec votre accord)<\/li>\n<li>R\u00e9pondre aux demandes de renseignements et aux demandes du service client<\/li>\n<\/ul>\n<\/li>\n<\/ul>\n<p>&nbsp;<\/p>\n<p><strong>Article 3.2 : Protection des donn\u00e9es<\/strong><\/p>\n<ul>\n<li>Mesures de s\u00e9curit\u00e9\n<ul>\n<li>Nous utilisons diverses mesures de s\u00e9curit\u00e9 pour maintenir la s\u00e9curit\u00e9 de vos donn\u00e9es personnelles lorsque vous passez une commande ou saisissez, soumettez ou acc\u00e9dez \u00e0 vos informations personnelles.<\/li>\n<li>Ces mesures incluent le chiffrement SSL, des serveurs s\u00e9curis\u00e9s et un acc\u00e8s restreint aux donn\u00e9es personnelles.<\/li>\n<\/ul>\n<\/li>\n<li>Conservation des donn\u00e9es\n<ul>\n<li>Nous conservons les donn\u00e9es personnelles uniquement aussi longtemps que n\u00e9cessaire pour atteindre les objectifs d\u00e9crits dans cette politique, respecter nos obligations l\u00e9gales, r\u00e9soudre les litiges et faire respecter nos accords.<\/li>\n<\/ul>\n<\/li>\n<\/ul>\n<p>&nbsp;<\/p>\n<p><strong>Article 3.3 : Partage de vos donn\u00e9es<\/strong><\/p>\n<ul>\n<li>Services fournis par des tiers\n<ul>\n<li>Nous pouvons partager vos informations avec des prestataires de services tiers qui nous aident \u00e0 exploiter notre site Web, \u00e0 mener nos activit\u00e9s ou \u00e0 vous servir. Ces tiers sont contractuellement tenus de garder vos informations confidentielles et s\u00e9curis\u00e9es.<\/li>\n<\/ul>\n<\/li>\n<li>Exigences l\u00e9gales\n<ul>\n<li>Nous pouvons divulguer vos informations si la loi l\u2019exige, par exemple pour nous conformer \u00e0 une assignation \u00e0 compara\u00eetre ou \u00e0 une proc\u00e9dure judiciaire similaire, ou lorsque nous croyons de bonne foi que la divulgation est n\u00e9cessaire pour prot\u00e9ger nos droits, votre s\u00e9curit\u00e9 ou celle d\u2019autrui.<\/li>\n<\/ul>\n<\/li>\n<\/ul>\n<p>&nbsp;<\/p>\n<p>&nbsp;<\/p>\n<p><strong>ARTICLE 4 : RESPONSABLE DU TRAITEMENT DES DONN\u00c9ES ET D\u00c9L\u00c9GU\u00c9 \u00c0 LA PROTECTION DES DONN\u00c9ES<\/strong><\/p>\n<p>&nbsp;<\/p>\n<p>Les donn\u00e9es \u00e0 caract\u00e8re personnelles sont collect\u00e9es par Vignobles &amp; Compagnie, soci\u00e9t\u00e9 anonyme au capital de 1 845 000,00 Euros dont le num\u00e9ro d\u2019immatriculation est le 690 200 910 R.C.S. N\u00eemes.<\/p>\n<p>Le responsable du traitement des donn\u00e9es \u00e0 caract\u00e8re personnel peut \u00eatre contact\u00e9 de la mani\u00e8re suivante :<\/p>\n<p>Par courrier \u00e0 l\u2019adresse :\u00a0 Vignobles &amp; Compagnie, 19 chemin neuf, 30210 Castillon du Gard, France<\/p>\n<p>Par t\u00e9l\u00e9phone\u00a0: +33 (0)4 66 37 49 50<\/p>\n<p>Par mail : <span \n                data-original-string='7aI9ayuFKJNlfVUr\/6ttZg==ec0F21VLx3\/fzvNbbIArtaXmbUhiotve42Mb4MXZ\/0AI7Q='\n                class='apbct-email-encoder'\n                title='This contact has been encoded by Anti-Spam by CleanTalk. Click to decode. To finish the decoding make sure that JavaScript is enabled in your browser.'>co<span class=\"apbct-blur\">*****<\/span>@<span class=\"apbct-blur\">****************<\/span>ie.com<\/span><\/p>\n<p>Si vous estimez, apr\u00e8s nous avoir contact\u00e9s, que vos droits \u201cInformatique et Libert\u00e9s\u201d, ne sont pas respect\u00e9s, vous pouvez adresser une information \u00e0 la CNIL.<\/p>\n<p>&nbsp;<\/p>\n<p>&nbsp;<\/p>\n<p><strong>ARTICLE 5 : LES DROITS DE L\u2019UTILISATEUR EN MATI\u00c8RE DE COLLECTE ET DE TRAITEMENT DES DONN\u00c9ES\u00a0<\/strong><\/p>\n<p>&nbsp;<\/p>\n<p>Tout utilisateur concern\u00e9 par le traitement de ses donn\u00e9es personnelles peut se pr\u00e9valoir des droits suivants, en application du r\u00e8glement europ\u00e9en 2016\/679 et de la Loi Informatique et Libert\u00e9 (Loi 78-17 du 6 janvier 1978) :<\/p>\n<ul>\n<li>Droit d\u2019acc\u00e8s, de rectification et droit \u00e0 l\u2019effacement des donn\u00e9es (pos\u00e9s respectivement aux articles 15, 16 et 17 du RGPD) ;<\/li>\n<li>Droit \u00e0 la portabilit\u00e9 des donn\u00e9es (article 20 du RGPD) ;<\/li>\n<li>Droit \u00e0 la limitation (article 18 du RGPD) et \u00e0 l\u2019opposition du traitement des donn\u00e9es (article 21 du RGPD) ;<\/li>\n<li>Droit de ne pas faire l\u2019objet d\u2019une d\u00e9cision fond\u00e9e exclusivement sur un proc\u00e9d\u00e9 automatis\u00e9 ;<\/li>\n<li>Droit de d\u00e9terminer le sort des donn\u00e9es apr\u00e8s la mort ;<\/li>\n<li>Droit de saisir l\u2019autorit\u00e9 de contr\u00f4le comp\u00e9tente (article 77 du RGPD).<\/li>\n<\/ul>\n<p>Pour exercer vos droits, veuillez adresser votre courrier \u00e0 Vignobles &amp; Compagnie, 19 chemin neuf, 30210 Castillon du Gard, France ou par mail \u00e0 <span \n                data-original-string='xwFw30gp5WQymjGlqG+qZQ==ec0UtO8U1KHt1b9Z5XTLtjwuelAZdPEq0iJjlNz3ggQbB0='\n                class='apbct-email-encoder'\n                title='This contact has been encoded by Anti-Spam by CleanTalk. Click to decode. To finish the decoding make sure that JavaScript is enabled in your browser.'>co<span class=\"apbct-blur\">*****<\/span>@<span class=\"apbct-blur\">****************<\/span>ie.com<\/span>.<\/p>\n<p>Afin que le responsable du traitement des donn\u00e9es puisse faire droit \u00e0 sa demande, l\u2019utilisateur peut \u00eatre tenu de lui communiquer certaines informations telles que : ses noms et pr\u00e9noms, son adresse e-mail ainsi que son num\u00e9ro de compte, d\u2019espace personnel ou d\u2019abonn\u00e9.<\/p>\n<p>Consultez le site cnil.fr pour plus d\u2019informations sur vos droits.<\/p>\n<p>&nbsp;<\/p>\n<p><strong>ARTICLE 6 : CONDITIONS DE MODIFICATION DE LA POLITIQUE DE CONFIDENTIALIT\u00c9<\/strong><\/p>\n<p>L\u2019\u00e9diteur du site Vignobles &amp; Compagnie se r\u00e9serve le droit de pouvoir modifier la pr\u00e9sente Politique \u00e0 tout moment afin d\u2019assurer aux utilisateurs du site sa conformit\u00e9 avec le droit en vigueur.<\/p>\n<p>Les \u00e9ventuelles modifications ne sauraient avoir d\u2019incidence sur les achats ant\u00e9rieurement effectu\u00e9s sur le site, lesquels restent soumis \u00e0 la Politique en vigueur au moment de l\u2019achat et telle qu\u2019accept\u00e9e par l\u2019utilisateur lors de la validation de l\u2019achat.<\/p>\n<p>L\u2019utilisateur est invit\u00e9 \u00e0 prendre connaissance de cette Politique \u00e0 chaque fois qu\u2019il utilise nos services, sans qu\u2019il soit n\u00e9cessaire de l\u2019en pr\u00e9venir formellement.<\/p>\n<p>&nbsp;<\/p>\n","protected":false},"excerpt":{"rendered":"<p>Derni\u00e8re mise \u00e0 jour : le 24\/04\/2025 La charte ci-dessous d\u00e9taille la politique de VIGNOBLES &amp; COMPAGNIE en mati\u00e8re de protection des donn\u00e9es personnelles sur le site https:\/\/boutique.vignoblescompagnie.com\/ La Soci\u00e9t\u00e9\u00a0 respecte vos pr\u00e9occupations concernant la confidentialit\u00e9 des renseignements et informations personnels que vous nous fournissez. En nous communiquant vos renseignements et donn\u00e9es personnels, vous consentez [&hellip;]<\/p>\n","protected":false},"author":47,"featured_media":0,"parent":0,"menu_order":0,"comment_status":"closed","ping_status":"closed","template":"","meta":{"footnotes":""},"class_list":["post-58665","page","type-page","status-publish","hentry"],"yoast_head":"<!-- This site is optimized with the Yoast SEO plugin v25.9 - https:\/\/yoast.com\/wordpress\/plugins\/seo\/ -->\n<title>Politique de confidentialit\u00e9 - Vignobles &amp; Compagnie<\/title>\n<meta name=\"description\" content=\"Derni\u00e8re mise \u00e0 jour : le 24\/04\/2025 La charte ci-dessous d\u00e9taille la politique de VIGNOBLES &amp; COMPAGNIE en mati\u00e8re de protection des donn\u00e9es Politique de confidentialit\u00e9, Engag\u00e9s depuis 1963 Vignobles &amp; Compagnie\" \/>\n<meta name=\"robots\" content=\"index, follow, max-snippet:-1, max-image-preview:large, max-video-preview:-1\" \/>\n<link rel=\"canonical\" href=\"https:\/\/boutique.vignoblescompagnie.com\/home\/politique-de-confidentialite\/\" \/>\n<meta property=\"og:locale\" content=\"fr_FR\" \/>\n<meta property=\"og:type\" content=\"article\" \/>\n<meta property=\"og:title\" content=\"Politique de confidentialit\u00e9 - Vignobles &amp; Compagnie\" \/>\n<meta property=\"og:description\" content=\"Derni\u00e8re mise \u00e0 jour : le 24\/04\/2025 La charte ci-dessous d\u00e9taille la politique de VIGNOBLES &amp; COMPAGNIE en mati\u00e8re de protection des donn\u00e9es Politique de confidentialit\u00e9, Engag\u00e9s depuis 1963 Vignobles &amp; Compagnie\" \/>\n<meta property=\"og:url\" content=\"https:\/\/boutique.vignoblescompagnie.com\/home\/politique-de-confidentialite\/\" \/>\n<meta property=\"og:site_name\" content=\"Vignobles &amp; Compagnie\" \/>\n<meta property=\"article:publisher\" content=\"https:\/\/www.facebook.com\/Vignobles-Compagnie-1936655449884246\/\" \/>\n<meta property=\"article:modified_time\" content=\"2025-04-24T10:15:19+00:00\" \/>\n<meta name=\"twitter:card\" content=\"summary_large_image\" \/>\n<meta name=\"twitter:label1\" content=\"Dur\u00e9e de lecture estim\u00e9e\" \/>\n\t<meta name=\"twitter:data1\" content=\"7 minutes\" \/>\n<script type=\"application\/ld+json\" class=\"yoast-schema-graph\">{\"@context\":\"https:\/\/schema.org\",\"@graph\":[{\"@type\":\"WebPage\",\"@id\":\"https:\/\/boutique.vignoblescompagnie.com\/home\/politique-de-confidentialite\/\",\"url\":\"https:\/\/boutique.vignoblescompagnie.com\/home\/politique-de-confidentialite\/\",\"name\":\"Politique de confidentialit\u00e9 - Vignobles &amp; Compagnie\",\"isPartOf\":{\"@id\":\"https:\/\/boutique.vignoblescompagnie.com\/home\/#website\"},\"datePublished\":\"2025-04-24T10:14:58+00:00\",\"dateModified\":\"2025-04-24T10:15:19+00:00\",\"description\":\"Derni\u00e8re mise \u00e0 jour : le 24\/04\/2025 La charte ci-dessous d\u00e9taille la politique de VIGNOBLES &amp; COMPAGNIE en mati\u00e8re de protection des donn\u00e9es Politique de confidentialit\u00e9, Engag\u00e9s depuis 1963 Vignobles &amp; Compagnie\",\"breadcrumb\":{\"@id\":\"https:\/\/boutique.vignoblescompagnie.com\/home\/politique-de-confidentialite\/#breadcrumb\"},\"inLanguage\":\"fr-FR\",\"potentialAction\":[{\"@type\":\"ReadAction\",\"target\":[\"https:\/\/boutique.vignoblescompagnie.com\/home\/politique-de-confidentialite\/\"]}]},{\"@type\":\"BreadcrumbList\",\"@id\":\"https:\/\/boutique.vignoblescompagnie.com\/home\/politique-de-confidentialite\/#breadcrumb\",\"itemListElement\":[{\"@type\":\"ListItem\",\"position\":1,\"name\":\"Home\",\"item\":\"https:\/\/boutique.vignoblescompagnie.com\/home\/\"},{\"@type\":\"ListItem\",\"position\":2,\"name\":\"Politique de confidentialit\u00e9\"}]},{\"@type\":\"WebSite\",\"@id\":\"https:\/\/boutique.vignoblescompagnie.com\/home\/#website\",\"url\":\"https:\/\/boutique.vignoblescompagnie.com\/home\/\",\"name\":\"Vignobles &amp; Compagnie\",\"description\":\"Engag\u00e9s depuis 1963\",\"publisher\":{\"@id\":\"https:\/\/boutique.vignoblescompagnie.com\/home\/#organization\"},\"potentialAction\":[{\"@type\":\"SearchAction\",\"target\":{\"@type\":\"EntryPoint\",\"urlTemplate\":\"https:\/\/boutique.vignoblescompagnie.com\/home\/?s={search_term_string}\"},\"query-input\":{\"@type\":\"PropertyValueSpecification\",\"valueRequired\":true,\"valueName\":\"search_term_string\"}}],\"inLanguage\":\"fr-FR\"},{\"@type\":\"Organization\",\"@id\":\"https:\/\/boutique.vignoblescompagnie.com\/home\/#organization\",\"name\":\"Vignobles&Compagnie\",\"url\":\"https:\/\/boutique.vignoblescompagnie.com\/home\/\",\"logo\":{\"@type\":\"ImageObject\",\"inLanguage\":\"fr-FR\",\"@id\":\"https:\/\/boutique.vignoblescompagnie.com\/home\/#\/schema\/logo\/image\/\",\"url\":\"\",\"contentUrl\":\"\",\"caption\":\"Vignobles&Compagnie\"},\"image\":{\"@id\":\"https:\/\/boutique.vignoblescompagnie.com\/home\/#\/schema\/logo\/image\/\"},\"sameAs\":[\"https:\/\/www.facebook.com\/Vignobles-Compagnie-1936655449884246\/\",\"https:\/\/www.instagram.com\/vignoblescompagnie_rhone\/?hl=fr\",\"https:\/\/www.linkedin.com\/company-beta\/16238931\/\",\"https:\/\/www.youtube.com\/channel\/UCG_Dbr-g9ZLVmr2sX-tTO9g\"]}]}<\/script>\n<!-- \/ Yoast SEO plugin. -->","yoast_head_json":{"title":"Politique de confidentialit\u00e9 - Vignobles &amp; Compagnie","description":"Derni\u00e8re mise \u00e0 jour : le 24\/04\/2025 La charte ci-dessous d\u00e9taille la politique de VIGNOBLES &amp; COMPAGNIE en mati\u00e8re de protection des donn\u00e9es Politique de confidentialit\u00e9, Engag\u00e9s depuis 1963 Vignobles &amp; Compagnie","robots":{"index":"index","follow":"follow","max-snippet":"max-snippet:-1","max-image-preview":"max-image-preview:large","max-video-preview":"max-video-preview:-1"},"canonical":"https:\/\/boutique.vignoblescompagnie.com\/home\/politique-de-confidentialite\/","og_locale":"fr_FR","og_type":"article","og_title":"Politique de confidentialit\u00e9 - Vignobles &amp; Compagnie","og_description":"Derni\u00e8re mise \u00e0 jour : le 24\/04\/2025 La charte ci-dessous d\u00e9taille la politique de VIGNOBLES &amp; COMPAGNIE en mati\u00e8re de protection des donn\u00e9es Politique de confidentialit\u00e9, Engag\u00e9s depuis 1963 Vignobles &amp; Compagnie","og_url":"https:\/\/boutique.vignoblescompagnie.com\/home\/politique-de-confidentialite\/","og_site_name":"Vignobles &amp; Compagnie","article_publisher":"https:\/\/www.facebook.com\/Vignobles-Compagnie-1936655449884246\/","article_modified_time":"2025-04-24T10:15:19+00:00","twitter_card":"summary_large_image","twitter_misc":{"Dur\u00e9e de lecture estim\u00e9e":"7 minutes"},"schema":{"@context":"https:\/\/schema.org","@graph":[{"@type":"WebPage","@id":"https:\/\/boutique.vignoblescompagnie.com\/home\/politique-de-confidentialite\/","url":"https:\/\/boutique.vignoblescompagnie.com\/home\/politique-de-confidentialite\/","name":"Politique de confidentialit\u00e9 - Vignobles &amp; Compagnie","isPartOf":{"@id":"https:\/\/boutique.vignoblescompagnie.com\/home\/#website"},"datePublished":"2025-04-24T10:14:58+00:00","dateModified":"2025-04-24T10:15:19+00:00","description":"Derni\u00e8re mise \u00e0 jour : le 24\/04\/2025 La charte ci-dessous d\u00e9taille la politique de VIGNOBLES &amp; COMPAGNIE en mati\u00e8re de protection des donn\u00e9es Politique de confidentialit\u00e9, Engag\u00e9s depuis 1963 Vignobles &amp; Compagnie","breadcrumb":{"@id":"https:\/\/boutique.vignoblescompagnie.com\/home\/politique-de-confidentialite\/#breadcrumb"},"inLanguage":"fr-FR","potentialAction":[{"@type":"ReadAction","target":["https:\/\/boutique.vignoblescompagnie.com\/home\/politique-de-confidentialite\/"]}]},{"@type":"BreadcrumbList","@id":"https:\/\/boutique.vignoblescompagnie.com\/home\/politique-de-confidentialite\/#breadcrumb","itemListElement":[{"@type":"ListItem","position":1,"name":"Home","item":"https:\/\/boutique.vignoblescompagnie.com\/home\/"},{"@type":"ListItem","position":2,"name":"Politique de confidentialit\u00e9"}]},{"@type":"WebSite","@id":"https:\/\/boutique.vignoblescompagnie.com\/home\/#website","url":"https:\/\/boutique.vignoblescompagnie.com\/home\/","name":"Vignobles &amp; Compagnie","description":"Engag\u00e9s depuis 1963","publisher":{"@id":"https:\/\/boutique.vignoblescompagnie.com\/home\/#organization"},"potentialAction":[{"@type":"SearchAction","target":{"@type":"EntryPoint","urlTemplate":"https:\/\/boutique.vignoblescompagnie.com\/home\/?s={search_term_string}"},"query-input":{"@type":"PropertyValueSpecification","valueRequired":true,"valueName":"search_term_string"}}],"inLanguage":"fr-FR"},{"@type":"Organization","@id":"https:\/\/boutique.vignoblescompagnie.com\/home\/#organization","name":"Vignobles&Compagnie","url":"https:\/\/boutique.vignoblescompagnie.com\/home\/","logo":{"@type":"ImageObject","inLanguage":"fr-FR","@id":"https:\/\/boutique.vignoblescompagnie.com\/home\/#\/schema\/logo\/image\/","url":"","contentUrl":"","caption":"Vignobles&Compagnie"},"image":{"@id":"https:\/\/boutique.vignoblescompagnie.com\/home\/#\/schema\/logo\/image\/"},"sameAs":["https:\/\/www.facebook.com\/Vignobles-Compagnie-1936655449884246\/","https:\/\/www.instagram.com\/vignoblescompagnie_rhone\/?hl=fr","https:\/\/www.linkedin.com\/company-beta\/16238931\/","https:\/\/www.youtube.com\/channel\/UCG_Dbr-g9ZLVmr2sX-tTO9g"]}]}},"_links":{"self":[{"href":"https:\/\/boutique.vignoblescompagnie.com\/home\/wp-json\/wp\/v2\/pages\/58665","targetHints":{"allow":["GET"]}}],"collection":[{"href":"https:\/\/boutique.vignoblescompagnie.com\/home\/wp-json\/wp\/v2\/pages"}],"about":[{"href":"https:\/\/boutique.vignoblescompagnie.com\/home\/wp-json\/wp\/v2\/types\/page"}],"author":[{"embeddable":true,"href":"https:\/\/boutique.vignoblescompagnie.com\/home\/wp-json\/wp\/v2\/users\/47"}],"replies":[{"embeddable":true,"href":"https:\/\/boutique.vignoblescompagnie.com\/home\/wp-json\/wp\/v2\/comments?post=58665"}],"version-history":[{"count":0,"href":"https:\/\/boutique.vignoblescompagnie.com\/home\/wp-json\/wp\/v2\/pages\/58665\/revisions"}],"wp:attachment":[{"href":"https:\/\/boutique.vignoblescompagnie.com\/home\/wp-json\/wp\/v2\/media?parent=58665"}],"curies":[{"name":"wp","href":"https:\/\/api.w.org\/{rel}","templated":true}]}}