{"id":14571,"date":"2023-11-20T11:31:20","date_gmt":"2023-11-20T09:31:20","guid":{"rendered":"https:\/\/boutique.vignoblescompagnie.com\/?page_id=14571"},"modified":"2024-02-19T12:00:05","modified_gmt":"2024-02-19T10:00:05","slug":"verification","status":"publish","type":"page","link":"https:\/\/boutique.vignoblescompagnie.com\/home\/verification\/","title":{"rendered":"V\u00e9rifications"},"content":{"rendered":"<p>[vc_row full_height=&#8221;yes&#8221; css=&#8221;.vc_custom_1700484773066{background-image: url(https:\/\/boutique.vignoblescompagnie.com\/wp-content\/uploads\/2023\/11\/background.png?id=14574) !important;background-position: center !important;background-repeat: no-repeat !important;background-size: cover !important;}&#8221; el_class=&#8221;verification-row&#8221;][vc_column luv_text_alignment=&#8221;center&#8221;][vc_row_inner][vc_column_inner width=&#8221;1\/4&#8243;][\/vc_column_inner][vc_column_inner luv_text_alignment=&#8221;center&#8221; width=&#8221;2\/4&#8243;][vc_single_image image=&#8221;14582&#8243;][vc_column_text css=&#8221;.vc_custom_1708336801378{margin-bottom: 0px !important;}&#8221;]<\/p>\n<p style=\"text-align: center;\">Pour visiter la boutique de Vignobles &amp; Compagnie, vous devez \u00eatre en \u00e2ge l\u00e9gal de consommer et d&#8217;acheter de l&#8217;alcool. En France, l&#8217;\u00e2ge l\u00e9gal pour la consommation est fix\u00e9 \u00e0 18 ans.<\/p>\n<p style=\"text-align: center;\">S\u00c9LECTIONNEZ VOTRE ANN\u00c9E DE NAISSANCE<\/p>\n<form class=\"verification-form\"><select id=\"date-verification\" name=\"date-verification\"><option style=\"color: black !important;\" disabled=\"disabled\" selected=\"selected\">Veuillez saisir votre age<\/option><option value=\"2024\">2024<\/option><option value=\"2023\">2023<\/option><option value=\"2022\">2022<\/option><option value=\"2021\">2021<\/option><option value=\"2020\">2020<\/option><option value=\"2019\">2019<\/option><option value=\"2018\">2018<\/option><option value=\"2017\">2017<\/option><option value=\"2016\">2016<\/option><option value=\"2015\">2015<\/option><option value=\"2014\">2014<\/option><option value=\"2013\">2013<\/option><option value=\"2012\">2012<\/option><option value=\"2011\">2011<\/option><option value=\"2010\">2010<\/option><option value=\"2009\">2009<\/option><option value=\"2008\">2008<\/option><option value=\"2007\">2007<\/option><option value=\"2006\">2006<\/option><option value=\"2005\">2005<\/option><option value=\"2004\">2004<\/option><option value=\"2003\">2003<\/option><option value=\"2002\">2002<\/option><option value=\"2001\">2001<\/option><option value=\"2000\">2000<\/option><option value=\"1999\">1999<\/option><option value=\"1998\">1998<\/option><option value=\"1997\">1997<\/option><option value=\"1996\">1996<\/option><option value=\"1995\">1995<\/option><option value=\"1994\">1994<\/option><option value=\"1993\">1993<\/option><option value=\"1992\">1992<\/option><option value=\"1991\">1991<\/option><option value=\"1990\">1990<\/option><option value=\"1989\">1989<\/option><option value=\"1988\">1988<\/option><option value=\"1987\">1987<\/option><option value=\"1986\">1986<\/option><option value=\"1985\">1985<\/option><option value=\"1984\">1984<\/option><option value=\"1983\">1983<\/option><option value=\"1982\">1982<\/option><option value=\"1981\">1981<\/option><option value=\"1980\">1980<\/option><option value=\"1979\">1979<\/option><option value=\"1978\">1978<\/option><option value=\"1977\">1977<\/option><option value=\"1976\">1976<\/option><option value=\"1975\">1975<\/option><option value=\"1974\">1974<\/option><option value=\"1973\">1973<\/option><option value=\"1972\">1972<\/option><option value=\"1971\">1971<\/option><option value=\"1970\">1970<\/option><option value=\"1969\">1969<\/option><option value=\"1968\">1968<\/option><option value=\"1967\">1967<\/option><option value=\"1966\">1966<\/option><option value=\"1965\">1965<\/option><option value=\"1964\">1964<\/option><option value=\"1963\">1963<\/option><option value=\"1962\">1962<\/option><option value=\"1961\">1961<\/option><option value=\"1960\">1960<\/option><option value=\"1959\">1959<\/option><option value=\"1958\">1958<\/option><option value=\"1957\">1957<\/option><option value=\"1956\">1956<\/option><option value=\"1955\">1955<\/option><option value=\"1954\">1954<\/option><option value=\"1953\">1953<\/option><option value=\"1952\">1952<\/option><option value=\"1951\">1951<\/option><option value=\"1950\">1950<\/option><option value=\"1949\">1949<\/option><option value=\"1948\">1948<\/option><option value=\"1947\">1947<\/option><option value=\"1946\">1946<\/option><option value=\"1945\">1945<\/option><option value=\"1944\">1944<\/option><option value=\"1943\">1943<\/option><option value=\"1942\">1942<\/option><option value=\"1941\">1941<\/option><option value=\"1940\">1940<\/option><option value=\"1939\">1939<\/option><option value=\"1938\">1938<\/option><option value=\"1937\">1937<\/option><option value=\"1936\">1936<\/option><option value=\"1935\">1935<\/option><option value=\"1934\">1934<\/option><option value=\"1933\">1933<\/option><option value=\"1932\">1932<\/option><option value=\"1931\">1931<\/option><option value=\"1930\">1930<\/option><option value=\"1929\">1929<\/option><option value=\"1928\">1928<\/option><option value=\"1927\">1927<\/option><option value=\"1926\">1926<\/option><option value=\"1925\">1925<\/option><option value=\"1924\">1924<\/option><option value=\"1923\">1923<\/option><option value=\"1922\">1922<\/option><option value=\"1921\">1921<\/option><option value=\"1920\">1920<\/option><option value=\"1919\">1919<\/option><option value=\"1918\">1918<\/option><option value=\"1917\">1917<\/option><option value=\"1916\">1916<\/option><option value=\"1915\">1915<\/option><option value=\"1914\">1914<\/option><option value=\"1913\">1913<\/option><option value=\"1912\">1912<\/option><option value=\"1911\">1911<\/option><option value=\"1910\">1910<\/option><option value=\"1909\">1909<\/option><option value=\"1908\">1908<\/option><option value=\"1907\">1907<\/option><option value=\"1906\">1906<\/option><option value=\"1905\">1905<\/option><option value=\"1904\">1904<\/option><option value=\"1903\">1903<\/option><option value=\"1902\">1902<\/option><option value=\"1901\">1901<\/option><option value=\"1900\">1900<\/option><\/select><button type=\"submit\">Soumettre<\/button><\/form>\n<p>[\/vc_column_text][vc_column_text font_color=&#8221;#ffffff&#8221;]<\/p>\n<p style=\"text-align: center;\">En Visitant ce site, vous acceptez ses conditions d&#8217;utilisation et sa politique de confidentialit\u00e9. L&#8217;abus d&#8217;alcool est dangereux pour la sant\u00e9. Consommez avec mod\u00e9ration.\u00a0\u00a0<span class=\"s1\">La consommation de boissons alcoolis\u00e9es pendant la grossesse, m\u00eame en faible quantit\u00e9, peut avoir des cons\u00e9quences graves sur la sant\u00e9 de l\u2019enfant.\u00a0<\/span><\/p>\n<p>[\/vc_column_text][\/vc_column_inner][vc_column_inner width=&#8221;1\/4&#8243;][\/vc_column_inner][\/vc_row_inner][\/vc_column][\/vc_row][vc_row full_height=&#8221;yes&#8221; css=&#8221;.vc_custom_1700484799702{background-image: url(https:\/\/boutique.vignoblescompagnie.com\/wp-content\/uploads\/2023\/11\/background.png?id=14574) !important;background-position: center !important;background-repeat: no-repeat !important;background-size: cover !important;}&#8221; el_class=&#8221;verification-failed-row&#8221;][vc_column luv_text_alignment=&#8221;center&#8221;][vc_row_inner][vc_column_inner width=&#8221;1\/4&#8243;][\/vc_column_inner][vc_column_inner luv_text_alignment=&#8221;center&#8221; width=&#8221;2\/4&#8243;][vc_single_image image=&#8221;14582&#8243;][vc_column_text font_color=&#8221;#ffffff&#8221; css=&#8221;.vc_custom_1519222946250{margin-bottom: 0px !important;}&#8221;]<\/p>\n<p style=\"text-align: center;\">Vous n&#8217;avez pas l&#8217;\u00e2ge l\u00e9gal pour consulter cette page.<br \/>\nVous allez \u00eatre redirig\u00e9 vers la page d&#8217;accueil.<br \/>\nBonne navigation.<\/p>\n<p style=\"text-align: center;\">En visitant ce site, vous acceptez ses conditions d&#8217;utilisation et sa politique de confidentialit\u00e9.\u00a0L&#8217;abus d&#8217;alcool est dangereux pour la sant\u00e9. Consommez avec Mod\u00e9ration.\u00a0<span class=\"s1\">La consommation de boissons alcoolis\u00e9es pendant la grossesse, m\u00eame en faible quantit\u00e9, peut avoir des cons\u00e9quences graves sur la sant\u00e9 de l\u2019enfant.\u00a0<\/span><\/p>\n<p>[\/vc_column_text][\/vc_column_inner][vc_column_inner width=&#8221;1\/4&#8243;][\/vc_column_inner][\/vc_row_inner][\/vc_column][\/vc_row]<\/p>\n","protected":false},"excerpt":{"rendered":"<p>[vc_row full_height=&#8221;yes&#8221; css=&#8221;.vc_custom_1700484773066{background-image: url(https:\/\/boutique.vignoblescompagnie.com\/wp-content\/uploads\/2023\/11\/background.png?id=14574) !important;background-position: center !important;background-repeat: no-repeat !important;background-size: cover !important;}&#8221; el_class=&#8221;verification-row&#8221;][vc_column luv_text_alignment=&#8221;center&#8221;][vc_row_inner][vc_column_inner width=&#8221;1\/4&#8243;][\/vc_column_inner][vc_column_inner luv_text_alignment=&#8221;center&#8221; width=&#8221;2\/4&#8243;][vc_single_image image=&#8221;14582&#8243;][vc_column_text css=&#8221;.vc_custom_1708336801378{margin-bottom: 0px !important;}&#8221;] Pour visiter la boutique de Vignobles &amp; Compagnie, vous devez \u00eatre en \u00e2ge l\u00e9gal de consommer et d&#8217;acheter de l&#8217;alcool. En France, l&#8217;\u00e2ge l\u00e9gal pour la consommation est fix\u00e9 \u00e0 18 ans. S\u00c9LECTIONNEZ VOTRE ANN\u00c9E [&hellip;]<\/p>\n","protected":false},"author":1,"featured_media":0,"parent":0,"menu_order":0,"comment_status":"closed","ping_status":"closed","template":"page-templates\/page-verification-2023.php","meta":{"footnotes":""},"class_list":["post-14571","page","type-page","status-publish","hentry"],"yoast_head":"<!-- This site is optimized with the Yoast SEO plugin v25.9 - https:\/\/yoast.com\/wordpress\/plugins\/seo\/ -->\n<title>V\u00e9rifications - Vignobles &amp; Compagnie<\/title>\n<meta name=\"description\" content=\"Pour visiter la boutique de Vignobles &amp; Compagnie, vous devez \u00eatre en \u00e2ge l\u00e9gal de consommer et d&#039;acheter de l&#039;alcool. En France, l&#039;\u00e2ge l\u00e9gal pour la V\u00e9rifications, Engag\u00e9s depuis 1963 Vignobles &amp; Compagnie\" \/>\n<meta name=\"robots\" content=\"index, follow, max-snippet:-1, max-image-preview:large, max-video-preview:-1\" \/>\n<link rel=\"canonical\" href=\"https:\/\/boutique.vignoblescompagnie.com\/home\/verification\/\" \/>\n<meta property=\"og:locale\" content=\"fr_FR\" \/>\n<meta property=\"og:type\" content=\"article\" \/>\n<meta property=\"og:title\" content=\"V\u00e9rifications - Vignobles &amp; Compagnie\" \/>\n<meta property=\"og:description\" content=\"Pour visiter la boutique de Vignobles &amp; Compagnie, vous devez \u00eatre en \u00e2ge l\u00e9gal de consommer et d&#039;acheter de l&#039;alcool. En France, l&#039;\u00e2ge l\u00e9gal pour la V\u00e9rifications, Engag\u00e9s depuis 1963 Vignobles &amp; Compagnie\" \/>\n<meta property=\"og:url\" content=\"https:\/\/boutique.vignoblescompagnie.com\/home\/verification\/\" \/>\n<meta property=\"og:site_name\" content=\"Vignobles &amp; Compagnie\" \/>\n<meta property=\"article:publisher\" content=\"https:\/\/www.facebook.com\/Vignobles-Compagnie-1936655449884246\/\" \/>\n<meta property=\"article:modified_time\" content=\"2024-02-19T10:00:05+00:00\" \/>\n<meta name=\"twitter:card\" content=\"summary_large_image\" \/>\n<meta name=\"twitter:label1\" content=\"Dur\u00e9e de lecture estim\u00e9e\" \/>\n\t<meta name=\"twitter:data1\" content=\"2 minutes\" \/>\n<script type=\"application\/ld+json\" class=\"yoast-schema-graph\">{\"@context\":\"https:\/\/schema.org\",\"@graph\":[{\"@type\":\"WebPage\",\"@id\":\"https:\/\/boutique.vignoblescompagnie.com\/home\/verification\/\",\"url\":\"https:\/\/boutique.vignoblescompagnie.com\/home\/verification\/\",\"name\":\"V\u00e9rifications - Vignobles &amp; Compagnie\",\"isPartOf\":{\"@id\":\"https:\/\/boutique.vignoblescompagnie.com\/home\/#website\"},\"datePublished\":\"2023-11-20T09:31:20+00:00\",\"dateModified\":\"2024-02-19T10:00:05+00:00\",\"description\":\"Pour visiter la boutique de Vignobles &amp; Compagnie, vous devez \u00eatre en \u00e2ge l\u00e9gal de consommer et d'acheter de l'alcool. En France, l'\u00e2ge l\u00e9gal pour la V\u00e9rifications, Engag\u00e9s depuis 1963 Vignobles &amp; Compagnie\",\"breadcrumb\":{\"@id\":\"https:\/\/boutique.vignoblescompagnie.com\/home\/verification\/#breadcrumb\"},\"inLanguage\":\"fr-FR\",\"potentialAction\":[{\"@type\":\"ReadAction\",\"target\":[\"https:\/\/boutique.vignoblescompagnie.com\/home\/verification\/\"]}]},{\"@type\":\"BreadcrumbList\",\"@id\":\"https:\/\/boutique.vignoblescompagnie.com\/home\/verification\/#breadcrumb\",\"itemListElement\":[{\"@type\":\"ListItem\",\"position\":1,\"name\":\"Home\",\"item\":\"https:\/\/boutique.vignoblescompagnie.com\/home\/\"},{\"@type\":\"ListItem\",\"position\":2,\"name\":\"V\u00e9rifications\"}]},{\"@type\":\"WebSite\",\"@id\":\"https:\/\/boutique.vignoblescompagnie.com\/home\/#website\",\"url\":\"https:\/\/boutique.vignoblescompagnie.com\/home\/\",\"name\":\"Vignobles &amp; Compagnie\",\"description\":\"Engag\u00e9s depuis 1963\",\"publisher\":{\"@id\":\"https:\/\/boutique.vignoblescompagnie.com\/home\/#organization\"},\"potentialAction\":[{\"@type\":\"SearchAction\",\"target\":{\"@type\":\"EntryPoint\",\"urlTemplate\":\"https:\/\/boutique.vignoblescompagnie.com\/home\/?s={search_term_string}\"},\"query-input\":{\"@type\":\"PropertyValueSpecification\",\"valueRequired\":true,\"valueName\":\"search_term_string\"}}],\"inLanguage\":\"fr-FR\"},{\"@type\":\"Organization\",\"@id\":\"https:\/\/boutique.vignoblescompagnie.com\/home\/#organization\",\"name\":\"Vignobles&Compagnie\",\"url\":\"https:\/\/boutique.vignoblescompagnie.com\/home\/\",\"logo\":{\"@type\":\"ImageObject\",\"inLanguage\":\"fr-FR\",\"@id\":\"https:\/\/boutique.vignoblescompagnie.com\/home\/#\/schema\/logo\/image\/\",\"url\":\"\",\"contentUrl\":\"\",\"caption\":\"Vignobles&Compagnie\"},\"image\":{\"@id\":\"https:\/\/boutique.vignoblescompagnie.com\/home\/#\/schema\/logo\/image\/\"},\"sameAs\":[\"https:\/\/www.facebook.com\/Vignobles-Compagnie-1936655449884246\/\",\"https:\/\/www.instagram.com\/vignoblescompagnie_rhone\/?hl=fr\",\"https:\/\/www.linkedin.com\/company-beta\/16238931\/\",\"https:\/\/www.youtube.com\/channel\/UCG_Dbr-g9ZLVmr2sX-tTO9g\"]}]}<\/script>\n<!-- \/ Yoast SEO plugin. -->","yoast_head_json":{"title":"V\u00e9rifications - Vignobles &amp; Compagnie","description":"Pour visiter la boutique de Vignobles &amp; Compagnie, vous devez \u00eatre en \u00e2ge l\u00e9gal de consommer et d'acheter de l'alcool. En France, l'\u00e2ge l\u00e9gal pour la V\u00e9rifications, Engag\u00e9s depuis 1963 Vignobles &amp; Compagnie","robots":{"index":"index","follow":"follow","max-snippet":"max-snippet:-1","max-image-preview":"max-image-preview:large","max-video-preview":"max-video-preview:-1"},"canonical":"https:\/\/boutique.vignoblescompagnie.com\/home\/verification\/","og_locale":"fr_FR","og_type":"article","og_title":"V\u00e9rifications - Vignobles &amp; Compagnie","og_description":"Pour visiter la boutique de Vignobles &amp; Compagnie, vous devez \u00eatre en \u00e2ge l\u00e9gal de consommer et d'acheter de l'alcool. En France, l'\u00e2ge l\u00e9gal pour la V\u00e9rifications, Engag\u00e9s depuis 1963 Vignobles &amp; Compagnie","og_url":"https:\/\/boutique.vignoblescompagnie.com\/home\/verification\/","og_site_name":"Vignobles &amp; Compagnie","article_publisher":"https:\/\/www.facebook.com\/Vignobles-Compagnie-1936655449884246\/","article_modified_time":"2024-02-19T10:00:05+00:00","twitter_card":"summary_large_image","twitter_misc":{"Dur\u00e9e de lecture estim\u00e9e":"2 minutes"},"schema":{"@context":"https:\/\/schema.org","@graph":[{"@type":"WebPage","@id":"https:\/\/boutique.vignoblescompagnie.com\/home\/verification\/","url":"https:\/\/boutique.vignoblescompagnie.com\/home\/verification\/","name":"V\u00e9rifications - Vignobles &amp; Compagnie","isPartOf":{"@id":"https:\/\/boutique.vignoblescompagnie.com\/home\/#website"},"datePublished":"2023-11-20T09:31:20+00:00","dateModified":"2024-02-19T10:00:05+00:00","description":"Pour visiter la boutique de Vignobles &amp; Compagnie, vous devez \u00eatre en \u00e2ge l\u00e9gal de consommer et d'acheter de l'alcool. En France, l'\u00e2ge l\u00e9gal pour la V\u00e9rifications, Engag\u00e9s depuis 1963 Vignobles &amp; Compagnie","breadcrumb":{"@id":"https:\/\/boutique.vignoblescompagnie.com\/home\/verification\/#breadcrumb"},"inLanguage":"fr-FR","potentialAction":[{"@type":"ReadAction","target":["https:\/\/boutique.vignoblescompagnie.com\/home\/verification\/"]}]},{"@type":"BreadcrumbList","@id":"https:\/\/boutique.vignoblescompagnie.com\/home\/verification\/#breadcrumb","itemListElement":[{"@type":"ListItem","position":1,"name":"Home","item":"https:\/\/boutique.vignoblescompagnie.com\/home\/"},{"@type":"ListItem","position":2,"name":"V\u00e9rifications"}]},{"@type":"WebSite","@id":"https:\/\/boutique.vignoblescompagnie.com\/home\/#website","url":"https:\/\/boutique.vignoblescompagnie.com\/home\/","name":"Vignobles &amp; Compagnie","description":"Engag\u00e9s depuis 1963","publisher":{"@id":"https:\/\/boutique.vignoblescompagnie.com\/home\/#organization"},"potentialAction":[{"@type":"SearchAction","target":{"@type":"EntryPoint","urlTemplate":"https:\/\/boutique.vignoblescompagnie.com\/home\/?s={search_term_string}"},"query-input":{"@type":"PropertyValueSpecification","valueRequired":true,"valueName":"search_term_string"}}],"inLanguage":"fr-FR"},{"@type":"Organization","@id":"https:\/\/boutique.vignoblescompagnie.com\/home\/#organization","name":"Vignobles&Compagnie","url":"https:\/\/boutique.vignoblescompagnie.com\/home\/","logo":{"@type":"ImageObject","inLanguage":"fr-FR","@id":"https:\/\/boutique.vignoblescompagnie.com\/home\/#\/schema\/logo\/image\/","url":"","contentUrl":"","caption":"Vignobles&Compagnie"},"image":{"@id":"https:\/\/boutique.vignoblescompagnie.com\/home\/#\/schema\/logo\/image\/"},"sameAs":["https:\/\/www.facebook.com\/Vignobles-Compagnie-1936655449884246\/","https:\/\/www.instagram.com\/vignoblescompagnie_rhone\/?hl=fr","https:\/\/www.linkedin.com\/company-beta\/16238931\/","https:\/\/www.youtube.com\/channel\/UCG_Dbr-g9ZLVmr2sX-tTO9g"]}]}},"_links":{"self":[{"href":"https:\/\/boutique.vignoblescompagnie.com\/home\/wp-json\/wp\/v2\/pages\/14571","targetHints":{"allow":["GET"]}}],"collection":[{"href":"https:\/\/boutique.vignoblescompagnie.com\/home\/wp-json\/wp\/v2\/pages"}],"about":[{"href":"https:\/\/boutique.vignoblescompagnie.com\/home\/wp-json\/wp\/v2\/types\/page"}],"author":[{"embeddable":true,"href":"https:\/\/boutique.vignoblescompagnie.com\/home\/wp-json\/wp\/v2\/users\/1"}],"replies":[{"embeddable":true,"href":"https:\/\/boutique.vignoblescompagnie.com\/home\/wp-json\/wp\/v2\/comments?post=14571"}],"version-history":[{"count":0,"href":"https:\/\/boutique.vignoblescompagnie.com\/home\/wp-json\/wp\/v2\/pages\/14571\/revisions"}],"wp:attachment":[{"href":"https:\/\/boutique.vignoblescompagnie.com\/home\/wp-json\/wp\/v2\/media?parent=14571"}],"curies":[{"name":"wp","href":"https:\/\/api.w.org\/{rel}","templated":true}]}}